1875 divide 2505564375?
True
Is 17583328 a multiple of 5?
False
Does 5 divide 129880837?
False
Is 140 a factor of 149902231?
False
Is 8 a factor of 69938621?
False
Is 42125241 a multiple of 191?
True
Is 2074307918 a multiple of 1087?
False
Does 8 divide 97697600?
True
Is 51 a factor of 92062799?
False
Is 12 a factor of 29492817?
False
Does 11 divide 143087656?
False
Is 157 a factor of 35161249?
True
Is 6097923 a multiple of 351?
True
Does 5540 divide 2208274164?
False
Does 3513 divide 845762524?
False
Does 918 divide 5758404?
False
Does 8 divide 28457152?
True
Is 97 a factor of 40789470?
True
Does 119 divide 45081484?
True
Is 5 a factor of 5024643?
False
Does 576 divide 1030356864?
True
Does 3390 divide 217734948?
False
Is 21365193 a multiple of 8?
False
Is 17 a factor of 52420124?
False
Does 2490 divide 84064890?
True
Is 1165 a factor of 43776127?
False
Does 356 divide 1535251424?
True
Is 3764 a factor of 672599923?
False
Is 305 a factor of 130988350?
True
Does 6 divide 2022390?
True
Is 796 a factor of 469550848?
True
Does 54 divide 80353566?
True
Does 19 divide 112586931?
False
Does 192 divide 45746503?
False
Is 8 a factor of 19226558?
False
Is 49 a factor of 188408381?
True
Is 67754360 a multiple of 10?
True
Does 10 divide 310996820?
True
Is 888 a factor of 27849238?
False
Is 1595 a factor of 103823962?
False
Is 348620572 a multiple of 36?
False
Does 2092 divide 159060594?
False
Is 67437011 a multiple of 12?
False
Does 29 divide 9801148?
False
Is 8 a factor of 1561268480?
True
Does 205 divide 18990380?
True
Is 230217540 a multiple of 30?
True
Does 73 divide 41540504?
True
Does 240 divide 435807120?
True
Is 19498512 a multiple of 264?
True
Is 2874082 a multiple of 17?
False
Does 290 divide 4400170?
True
Is 6 a factor of 1956480?
True
Is 83443650 a multiple of 75?
True
Is 198 a factor of 3265557?
False
Is 37024434 a multiple of 9?
True
Is 2041883480 a multiple of 6734?
True
Does 18 divide 277712892?
True
Does 223 divide 322103890?
False
Does 9 divide 27969867?
True
Does 87 divide 22001135?
False
Is 3328 a factor of 484267491?
False
Is 1211 a factor of 1678217121?
True
Is 111 a factor of 2487605460?
True
Is 382 a factor of 1732088848?
True
Is 1912 a factor of 1316786752?
True
Does 1424 divide 64473024?
True
Is 891885148 a multiple of 148?
True
Is 5 a factor of 4666254?
False
Is 387 a factor of 68360628?
False
Is 5 a factor of 147883650?
True
Is 35 a factor of 406644807?
False
Does 212 divide 178925880?
True
Does 14 divide 636090762?
False
Is 680413590 a multiple of 71?
True
Is 168752014 a multiple of 9025?
False
Is 619 a factor of 96268737?
True
Does 61 divide 149078601?
False
Is 1470522960 a multiple of 18?
True
Is 506 a factor of 168097647?
False
Does 2685 divide 1261574?
False
Is 979446720 a multiple of 322?
True
Does 7 divide 18984049?
True
Is 372 a factor of 191644356?
True
Is 579 a factor of 20347293?
False
Is 3514394 a multiple of 79?
True
Is 373 a factor of 222138285?
True
Does 680 divide 794240?
True
Is 62 a factor of 61189487?
False
Is 1360520 a multiple of 7?
True
Is 17550526 a multiple of 14?
True
Is 1647524474 a multiple of 21?
False
Is 16 a factor of 186854112?
True
Does 245 divide 5553827?
False
Is 35 a factor of 199484635?
True
Is 153 a factor of 186556266?
True
Is 281 a factor of 110805007?
False
Is 118567631 a multiple of 2327?
True
Does 946 divide 49905623?
False
Is 5 a factor of 160006415?
True
Does 62 divide 30843140?
True
Is 1043 a factor of 21358504?
False
Is 8733764 a multiple of 53?
True
Is 444988952 a multiple of 8?
True
Is 130 a factor of 42487469?
False
Is 206834782 a multiple of 14?
True
Is 26488208 a multiple of 368?
False
Is 2719 a factor of 1436285612?
False
Is 567955720 a multiple of 1735?
True
Does 7343 divide 1421802929?
False
Is 9172878 a multiple of 6?
True
Is 79890090 a multiple of 59?
False
Is 5818677 a multiple of 141?
False
Does 1902 divide 750574848?
True
Is 42 a factor of 32959781?
False
Does 157 divide 1170784224?
False
Does 400 divide 189378495?
False
Is 33290961 a multiple of 723?
False
Is 747 a factor of 31953672?
True
Is 67 a factor of 350142?
True
Is 13 a factor of 1080936246?
True
Does 90 divide 201919140?
True
Is 340658615 a multiple of 27?
False
Is 223516035 a multiple of 45?
True
Does 6 divide 72985944?
True
Is 3 a factor of 458410?
False
Is 4 a factor of 31134861?
False
Is 7 a factor of 11098241?
True
Is 4018320 a multiple of 40?
True
Does 422 divide 773171210?
False
Is 216797036 a multiple of 7605?
False
Is 90 a factor of 57345300?
True
Does 1284 divide 1239187116?
True
Is 2581631046 a multiple of 158?
True
Does 160 divide 284351360?
True
Does 54 divide 326504893?
False
Is 3317164 a multiple of 149?
False
Is 2229 a factor of 69885837?
True
Is 1344 a factor of 136362571?
False
Is 2143445 even?
False
Is 297953003 a multiple of 2?
False
Is 4245 a factor of 278827657?
False
Is 26634592 a multiple of 153?
False
Is 38248862 a multiple of 409?
True
Does 164 divide 18851186?
False
Is 4320950 a multiple of 445?
True
Is 141762070 a multiple of 1642?
True
Is 12 a factor of 2728660488?
True
Does 7 divide 303596783?
True
Is 264544090 a multiple of 1842?
False
Does 112 divide 178632832?
True
Does 46 divide 222384841?
False
Is 522327643 a multiple of 430?
False
Is 11793793 a multiple of 61?
False
Is 66 a factor of 43661772?
True
Is 4646333951 a multiple of 682?
False
Is 318 a factor of 168189860?
False
Is 328 a factor of 49312706?
False
Is 18 a factor of 43467120?
True
Is 20 a factor of 10873860?
True
Is 3428740 a multiple of 70?
True
Does 4 divide 448574711?
False
Does 23 divide 3251694?
True
Is 791 a factor of 1215286158?
False
Is 11165708 a multiple of 6029?
True
Is 435880025 a multiple of 25?
True
Is 38459414 a multiple of 14?
True
Is 277136544 a multiple of 48?
True
Is 203 a factor of 6183590?
False
Does 24 divide 29826240?
True
Does 4142 divide 2067052674?
True
Does 147 divide 201316353?
True
Is 3333089 a multiple of 511?
False
Is 15018696 a multiple of 294?
True
Does 2387 divide 494037390?
True
Is 15 a factor of 6055080?
True
Is 597573060 a multiple of 10?
True
Does 1265 divide 374526020?
True
Does 1691 divide 42302056?
True
Does 541 divide 953523320?
True
Does 7 divide 33662995?
False
Is 175202658 a multiple of 365?
False
Does 142 divide 31088060?
True
Is 700 a factor of 1730573827?
False
Is 377222182 a multiple of 4?
False
Is 170828769 a multiple of 331?
True
Does 168 divide 31588365?
False
Is 64247743 a multiple of 255?
False
Does 5 divide 259758090?
True
Is 2360491056 a multiple of 2513?
True
Is 44 a factor of 1190223?
False
Is 63 a factor of 4773159?
False
Does 83 divide 3418112225?
True
Is 28 a factor of 11269391?
False
Is 15953016 a multiple of 149?
False
Does 48 divide 7034448?
True
Is 464127129 a multiple of 1027?
False
Is 9 a factor of 3983539?
False
Is 28610124 a multiple of 29?
True
Is 450597362 a multiple of 35?
False
Is 10 a factor of 2978195118?
False
Does 2387 divide 45952108?
False
Is 37 a factor of 44246228?
True
Is 1800 a factor of 190393478?
False
Is 92449341 a multiple of 208?
False
Does 1538 divide 20695752?
False
Does 42 divide 40208322?
True
Is 3 a factor of 807230816?
False
Is 185 a factor of 28329461?
False
Is 104550391 a multiple of 17?
True
Is 10 a factor of 330843130?
True
Is 373 a factor of 732726049?
True
Does 8 divide 341388104?
True
Does 596 divide 36931116?
False
Does 7 divide 23429732?
False
Is 1683 a factor of 27075113?
False
Does 22 divide 30914224?
True
Is 261805356 a multiple of 1461?
True
Does 6274 divide 702468717?
False
Is 90 a factor of 106588710?
True
Does 184 divide 2237846824?
True
Is 16 a factor of 58917362?
False
Is 7124948 a multiple of 65?
False
Does 23 divide 138528052?
False
Is 41113248 a multiple of 24?
True
Is 47026785 a multiple of 31?
False
Is 176 a factor of 16390280?
False
Does 255 divide 65790?
True
Is 2198044620 a multiple of 1060?
True
Is 542 a factor of 39311260?
True
Is 8 a factor of 155721160?
True
Is 21 a factor of 17136950?
False
Is 2320 a factor of 36538858?
False
Is 1613306769 a multiple of 2129?
False
Does 2329 divide 89617591?
True
Is 1284365731 a multiple of 197?
True
Does 321 divide 41423124?
True
Is 947 a factor of 1040640945?
False
Does 12 divide 362157096?
True
Is 384685306 a multiple of 22?
False
Does 54 divide 122304